 (-17)/(-1*1 - 0).
14
Let o = -15 - -22. Let x = 21 - o. What is the remainder when 41 is divided by x?
13
Suppose -7*l + 2*l + 10 = 5*w, 0 = -l + 2*w + 5. Let d = 18 + -10. What is the remainder when d is divided by l?
2
Suppose -5*z + 2*z - 9 = 0. Calculate the remainder when 30 is divided by 14 + 1 + z - 1.
8
Suppose -3*j = 10 - 1, -4*j - 28 = -4*t. Suppose 3 + 5 = b. Suppose -b*u + 35 = -3*u. Calculate the remainder when u is divided by t.
3
Suppose 14 = 2*i - 30. Calculate the remainder when 196 is divided by i.
20
Let j be (-7)/(-5) - 12/(-20). Calculate the remainder when 17 is divided by (9 - -1) + (j - 3).
8
Calculate the remainder when 48 + (-8)/2 + 3 is divided by 16.
15
Let n(z) be the third derivative of 0*z + 2*z**2 + 0 + 1/8*z**4 - 7/6*z**3. Calculate the remainder when 26 is divided by n(7).
12
Let r = -2 - -12. Let q = 11 + 1. Suppose q + 18 = 5*o. What is the remainder when r is divided by o?
4
Let i(m) = 6*m**2 - 7*m + 0*m - 6*m**3 + m**3 + 6*m**3 + 4. What is the remainder when 5 is divided by i(-7)?
1
What is the remainder when 45 is divided by 30/2 - (-5 - -7)?
6
Calculate the remainder when 18 - 2*(5 + -3) is divided by 5.
4
Let j be (-607)/11 + (-2)/(-11). Let q = 98 + j. Calculate the remainder when q is divided by 15.
13
Suppose 0 = -9*n + 3*n + 246. What is the remainder when n is divided by 23?
18
Let r be (-8)/(-10)*(-1050)/(-20). Suppose -5*y + 35 = -y - 5*h, -4*y - 2*h + r = 0. Calculate the remainder when 29 is divided by y.
9
Let a(k) = 4*k**2 + 2. Let s be a(-2). Suppose 8*z - 60 = 3*z. Let l = s - z. What is the remainder when 11 is divided by l?
5
Let h be 1 - (-2)/((-6)/471). What is the remainder when 39 is divided by h/(-15) - 2/5?
9
Suppose 0 = -8*m + 2*m + 198. What is the remainder when m is divided by 9?
6
Suppose 2*c + 2*v - 16 = 0, 3*v - 34 = -5*c - 2. Suppose 46 = 2*r + c. Calculate the remainder when 61 is divided by r.
19
Suppose 0 = -2*c + f + 77, 4*c + f = -0*f + 157. Calculate the remainder when c is divided by (-6)/(-4)*112/12.
11
Suppose -112 = -5*n + 143. What is the remainder when n is divided by 18?
15
Let p = -6 + 7. Suppose i - p = -3*f, -3*i + 0*i + 3*f + 63 = 0. Calculate the remainder when (-53)/(-4) - 4/i is divided by 8.
5
Let u = 22 - 20. Suppose u*d = 50 + 2. What is the remainder when 77 is divided by d?
25
Suppose 5*u = 103 + 92. What is the remainder when 114 is divided by u?
36
Let c = -27 - -56. Calculate the remainder when c is divided by 15.
14
Let f(g) = 9*g - 1. Calculate the remainder when 23 is divided by f(1).
7
Suppose 9*x - x - 48 = 0. What is the remainder when 20 is divided by x?
2
Let m = 66 + -40. Suppose 3*a - m = 2*a - 4*s, 18 = a + 2*s. What is the remainder when 29 is divided by a?
9
Suppose -2*c = -5*c - 3*h + 21, -2*c - 3*h = -15. Suppose -c + 56 = 5*u. Suppose 5*y = -6 + 151. What is the remainder when y is divided by u?
9
Suppose 0 = 2*v - 12 - 48. What is the remainder when 58 is divided by v?
28
Let i(t) = 6*t + 2. Suppose 0 = -5*x + 12*x - 77. Calculate the remainder when i(3) is divided by x.
9
Let x be 358/6 - (-5)/15. Let b(z) = z**3 + 6*z**2 - 6*z + 7. Let v be b(-7). Suppose -4*l + x = -v*l. Calculate the remainder when 28 is divided by l.
13
Let h = 57 + -34. What is the remainder when 90 is divided by h?
21
Let i be -1*2 + (-8)/4. Let r(n) = -n**2 - 12*n + 18. Calculate the remainder when (6/i)/((-9)/48) is divided by r(-13).
3
Suppose -2*s + 17 = -b, -7 = 2*b + 5*s + 9. Let r(v) = v**2 + 7*v - 14. Let y(j) = 3*j + 4. Calculate the remainder when r(b) is divided by y(6).
20
Let k = 4 + -1. Let v = -4 - -12. What is the remainder when v is divided by k?
2
Suppose 8 = 2*l - 2. Suppose l*y + 4*n = 12 + 73, 0 = -y + 5*n + 46. Let v = -19 - -59. Calculate the remainder when v is divided by y.
19
Let p be ((-8)/(-6))/((-1)/(-9)). Suppose 2*f = 3*g + 14, 4*f + 4*g + p = 5*f. Let n(w) = w + 3. Calculate the remainder when n(3) is divided by f.
2
What is the remainder when 615/12 - (-3)/(-12) is divided by 26?
25
Let s(u) = u**3 - 7*u**2 + 4*u - 5. Suppose y = -2*a + 38, -2*y = 2*a - 11 - 71. What is the remainder when y is divided by s(7)?
21
Let p(t) = t**3 + 6*t**2 - 8*t - 7. Let k be p(-7). Suppose k = 2*s - 3*s + 5. What is the remainder when 7 is divided by s?
2
What is the remainder when 4 + -1*(0 - 11) is divided by 9?
6
Let q(w) = 2*w**2 + 2*w + 1. Let v(b) = b - 5. Let z be v(5). What is the remainder when z - ((-2 - 0) + 1) is divided by q(-1)?
0
Let k(z) = -2*z**2 + 15*z - 4. Calculate the remainder when 25 is divided by k(6).
11
Let t = -39 - -50. What is the remainder when 142 is divided by t?
10
Suppose 4*a + 4*g + 0 = 4, -2*a - 3*g = 0. Suppose -3*f - 84 = -8*f - a*i, -f - 2*i + 21 = 0. What is the remainder when 43 is divided by f?
13
Suppose 5 - 21 = -4*n. Let f = -9 - -18. What is the remainder when f is divided by n?
1
Let r = 3 + 2. Suppose -2*t - 2*t - 12 = 0. Let x = r + t. Calculate the remainder when 5 is divided by x.
1
Let d be (1 + -2)*(19 - 19). Suppose 4*f + f - 445 = d. Calculate the remainder when f is divided by 30.
29
Let j = -5 - -11. Let i = 70 - 22. Suppose -l + i = 3*o, 3*l + 2 + 7 = 0. Calculate the remainder when o is divided by j.
5
Let r(m) = -m**2 - 4*m + 7. Let w(a) = -a**2 - 4*a + 7. Let n(o) = -6*r(o) + 7*w(o). Calculate the remainder when 5 is divided by n(-5).
1
Suppose 5*b - 215 = 70. Calculate the remainder when b is divided by 20.
17
Calculate the remainder when 29 is divided by (-6)/(-15) - (-166)/10.
12
Let j(o) = -3*o - 13. Suppose 32 + 20 = -4*k + 4*d, -4*k - 48 = -2*d. What is the remainder when j(k) is divided by 11?
9
Let h(f) = 3*f**2 + 3 + 2*f**2 - 4*f**2 - 8*f - 2*f**2. Let n be h(-8). Suppose -2*v + 0 = -5*k - 7, v + 2 = -n*k. What is the remainder when v is divided by 1?
0
Let o = 8 + 30. Calculate the remainder when o is divided by 10.
8
Let b = 15 - 11. Suppose -b*x + 150 = x. What is the remainder when x is divided by 8?
6
Let i = 158 + -94. Suppose 5*q - i = 4*q. What is the remainder when q is divided by 22?
20
Let w(j) = 9*j - 26. What is the remainder when 166 is divided by w(6)?
26
Let z = -10 + 25. Calculate the remainder when 29 is divided by z.
14
Suppose -2*g + g - 13 = 0. Let c = g + 26. Calculate the remainder when c is divided by (-2)/6*(-15)/1.
3
Suppose -25 = -4*q - 4*w + 7*w, w - 8 = -q. Let p(m) = -2*m + 1. Let s be p(-1). Let n = s + -1. What is the remainder when q is divided by n?
1
Let v(r) = -r**3 + 7*r**2 - 4*r + 9. What is the remainder when 61 is divided by v(6)?
19
Suppose 6*x - 4*x + 8 = 0. Suppose 0 = -2*d + d + 4*l + 3, -l + 6 = 2*d. What is the remainder when d is divided by (x + -2 + 2)/(-2)?
1
Let a(n) = n - 2. Let c be a(6). Let v = 39 - 17. Calculate the remainder when v is divided by (-46)/(-4) + c/8.
10
Let g = -66 - -75. What is the remainder when 43 is divided by g?
7
Suppose 18 = 2*p - p. Let g = -7 + 12. Calculate the remainder when p is divided by g.
3
Let j(n) = -5 + n**3 + 0*n + n**3 - n**3 - 7*n + 4*n**2. What is the remainder when j(-5) is divided by 2?
1
Let m(a) = a**2 + 4*a + 8. Calculate the remainder when 55 is divided by m(-7).
26
Suppose -2*b + 2*f - 18 = 0, -5*f - 9 = 3*b + b. Let m = 11 + b. What is the remainder when 17 is divided by m?
2
Suppose 742 = 11*v + 203. What is the remainder when 193 is divided by v?
46
Let n(m) be the third derivative of m**6/120 - m**5/60 + m**4/24 + 7*m**3/6 - 3*m**2. What is the remainder when n(0) is divided by 2?
1
Suppose -2*z = -4*y + 14, 4*y - 19 = -4*z + 25. Suppose -3*b - n - 20 = -y*b, 32 = 2*b + 4*n. Calculate the remainder when b is divided by 5.
3
Suppose -2*i - 2*i + 40 = 0. Suppose -i - 78 = -4*l. What is the remainder when l is divided by 6?
4
Let h = 11 - 7. Let u(s) = s**2 + 13*s - 4. Let z(j) = -j**2 - 12*j + 3. Let n(l) = 4*u(l) + 5*z(l). Calculate the remainder when n(-6) is divided by h.
3
Let v = -1 + 1. Let j = v + 4. What is the remainder when 6 is divided by j?
2
Let k be ((-15)/(-6))/(2/(-4)). Let t = -3 - k. Suppose -t*s = s - 12. What is the remainder when 15 is divided by s?
3
Suppose v = u - 12, 2*v = -v - 5*u - 60. Let g = 7 - v. Calculate the remainder when 65 is divided by g.
21
Let o(n) = -n**2 - 14*n - 15. Calculate the remainder when o(-10) is divided by 14.
11
Sup